{"id":2345,"date":"2025-02-01T18:52:42","date_gmt":"2025-02-01T18:52:42","guid":{"rendered":"https:\/\/anna-stangl.at\/contact-us\/"},"modified":"2025-08-17T13:26:43","modified_gmt":"2025-08-17T13:26:43","slug":"contact-us","status":"publish","type":"page","link":"https:\/\/anna-stangl.at\/en\/contact-us\/","title":{"rendered":"Contact"},"content":{"rendered":"<p>[et_pb_section fb_built=&#8221;1&#8243; _builder_version=&#8221;4.27.4&#8243; _module_preset=&#8221;default&#8221; custom_margin=&#8221;0px||||false|false&#8221; custom_padding=&#8221;0px||||false|false&#8221; global_colors_info=&#8221;{}&#8221;][et_pb_row _builder_version=&#8221;4.27.4&#8243; _module_preset=&#8221;default&#8221; width=&#8221;92%&#8221; locked=&#8221;off&#8221; global_colors_info=&#8221;{}&#8221;][et_pb_column type=&#8221;4_4&#8243; _builder_version=&#8221;4.27.4&#8243; _module_preset=&#8221;default&#8221; global_colors_info=&#8221;{}&#8221;][et_pb_text admin_label=&#8221;H1&#8243; _builder_version=&#8221;4.27.4&#8243; _module_preset=&#8221;default&#8221; header_font=&#8221;|300|||||||&#8221; header_font_size=&#8221;60px&#8221; custom_css_free_form=&#8221;selector h1 { font-weight: 100 !important;}&#8221; global_colors_info=&#8221;{}&#8221;]<\/p>\n<h1>Contact<\/h1>\n<p>[\/et_pb_text][\/et_pb_column][\/et_pb_row][et_pb_row column_structure=&#8221;1_2,1_2&#8243; _builder_version=&#8221;4.27.4&#8243; _module_preset=&#8221;default&#8221; width=&#8221;92%&#8221; custom_padding=&#8221;||34px||false|false&#8221; global_colors_info=&#8221;{}&#8221;][et_pb_column type=&#8221;1_2&#8243; _builder_version=&#8221;4.27.4&#8243; _module_preset=&#8221;default&#8221; global_colors_info=&#8221;{}&#8221;][et_pb_text admin_label=&#8221;Inhalt&#8221; _builder_version=&#8221;4.27.4&#8243; _module_preset=&#8221;default&#8221; global_colors_info=&#8221;{}&#8221;]<\/p>\n<h3>Anna Stangl<\/h3>\n<p>Vienna, Austria<br \/>email: <a href=\"mailto:anna.stangl@aon.at\">anna.stangl@aon.at<\/a><\/p>\n<p>[\/et_pb_text][et_pb_social_media_follow icon_color=&#8221;#FFFFFF&#8221; use_icon_font_size=&#8221;on&#8221; _builder_version=&#8221;4.27.4&#8243; _module_preset=&#8221;default&#8221; background_color=&#8221;RGBA(255,255,255,0)&#8221; text_orientation=&#8221;left&#8221; custom_margin=&#8221;-16px||48px||false|false&#8221; custom_padding=&#8221;||||false|false&#8221; text_orientation_tablet=&#8221;left&#8221; text_orientation_phone=&#8221;left&#8221; text_orientation_last_edited=&#8221;on|phone&#8221; locked=&#8221;off&#8221; global_colors_info=&#8221;{}&#8221;][et_pb_social_media_follow_network social_network=&#8221;instagram&#8221; url=&#8221;https:\/\/www.instagram.com\/annastangl3611\/&#8221; icon_color=&#8221;#FFFFFF&#8221; _builder_version=&#8221;4.27.4&#8243; _module_preset=&#8221;default&#8221; background_color=&#8221;#bcbcbc&#8221; background_enable_color=&#8221;on&#8221; custom_button=&#8221;on&#8221; button_text_color=&#8221;#FFFFFF&#8221; button_bg_color=&#8221;#dddddd&#8221; global_colors_info=&#8221;{}&#8221; background__hover_enabled=&#8221;on|hover&#8221; background_color__hover=&#8221;#777777&#8243; background_enable_color__hover=&#8221;on&#8221; follow_button=&#8221;off&#8221; url_new_window=&#8221;on&#8221;]instagram[\/et_pb_social_media_follow_network][\/et_pb_social_media_follow][et_pb_text admin_label=&#8221;Inhalt&#8221; _builder_version=&#8221;4.27.4&#8243; _module_preset=&#8221;default&#8221; hover_enabled=&#8221;0&#8243; global_colors_info=&#8221;{}&#8221; sticky_enabled=&#8221;0&#8243;]<\/p>\n<p><strong>represented by:<\/strong><\/p>\n<p>Galerie Kovacek &amp; Zetter<br \/>Stallburggasse 2<br \/>1010 Vienna, Austria<br \/><a href=\"tel:+4315128636\">+43 1 512 86 36<\/a><br \/><a href=\"mailto:office@kovacek-zetter.at\">office@kovacek-zetter.at<\/a><br \/><a href=\"https:\/\/www.kovacek-zetter.at\/\" target=\"_blank\" rel=\"noopener\">www.kovacek-zetter.at<\/a><\/p>\n<p>&nbsp;<\/p>\n<p>Galerie 422<br \/>An der Traunbr\u00fccke 9-11<br \/>4810 Gmunden, Austria<br \/><a href=\"tel:+437612626680\">+43 7612\u00a062 668 0<\/a><br \/><a href=\"mailto:office@kovacek-zetter.at\">office@galerie422.at<\/a><br \/><a href=\"https:\/\/www.galerie422.at\" target=\"_blank\" rel=\"noopener\">www.galerie422.at<\/a><\/p>\n<p>&nbsp;<\/p>\n<p>galerie g\u00f6lles<br \/>Augasse 4<br \/>8280 F\u00fcrstenfeld, Austria<br \/><a href=\"tel:+436642645975\">+43 664 264 5975<\/a><br \/><a href=\"https:\/\/www.g%C3%B6lles.at\" target=\"_blank\" rel=\"noopener\">www.g\u00f6lles.at<\/a><\/p>\n<p>&nbsp;<\/p>\n<p>Gallery Gerersdorfer<br \/>W\u00e4hringerstr. 12,<br \/>1090 Vienna, Austria<br \/><a href=\"tel:+4313108484\">+43 1 310 84 84<\/a><br \/><a href=\"https:\/\/www.gerersdorfer.at\" target=\"_blank\" rel=\"noopener\">www.gerersdorfer.at<\/a><\/p>\n<p>[\/et_pb_text][\/et_pb_column][et_pb_column type=&#8221;1_2&#8243; _builder_version=&#8221;4.27.4&#8243; _module_preset=&#8221;default&#8221; global_colors_info=&#8221;{}&#8221;][et_pb_text disabled_on=&#8221;on|on|on&#8221; admin_label=&#8221;Inhalt&#8221; _builder_version=&#8221;4.27.4&#8243; _module_preset=&#8221;default&#8221; disabled=&#8221;on&#8221; global_colors_info=&#8221;{}&#8221;][\/et_pb_text][\/et_pb_column][\/et_pb_row][et_pb_row column_structure=&#8221;1_2,1_2&#8243; _builder_version=&#8221;4.27.4&#8243; _module_preset=&#8221;default&#8221; width=&#8221;92%&#8221; global_colors_info=&#8221;{}&#8221;][et_pb_column type=&#8221;1_2&#8243; _builder_version=&#8221;4.27.4&#8243; _module_preset=&#8221;default&#8221; global_colors_info=&#8221;{}&#8221;][et_pb_divider color=&#8221;#cccccc&#8221; _builder_version=&#8221;4.27.4&#8243; _module_preset=&#8221;default&#8221; width=&#8221;50%&#8221; module_alignment=&#8221;left&#8221; global_colors_info=&#8221;{}&#8221;][\/et_pb_divider][et_pb_text admin_label=&#8221;Inhalt&#8221; _builder_version=&#8221;4.27.4&#8243; _module_preset=&#8221;default&#8221; global_colors_info=&#8221;{}&#8221;]<\/p>\n<p><a href=\"https:\/\/anna-stangl.at\/en\/contact-us\/imprint\/\">Imprint<\/a><\/p>\n<p><a href=\"https:\/\/anna-stangl.at\/en\/contact-us\/data-protection\/\">Data protection<\/a><\/p>\n<p><a href=\"https:\/\/anna-stangl.at\/en\/accessibility\/\">Accessibility<\/a><\/p>\n<p>[\/et_pb_text][\/et_pb_column][et_pb_column type=&#8221;1_2&#8243; _builder_version=&#8221;4.27.4&#8243; _module_preset=&#8221;default&#8221; global_colors_info=&#8221;{}&#8221;][et_pb_text disabled_on=&#8221;on|on|on&#8221; admin_label=&#8221;Inhalt&#8221; _builder_version=&#8221;4.27.4&#8243; _module_preset=&#8221;default&#8221; disabled=&#8221;on&#8221; global_colors_info=&#8221;{}&#8221;][\/et_pb_text][\/et_pb_column][\/et_pb_row][\/et_pb_section]<\/p>\n","protected":false},"excerpt":{"rendered":"<p>ContactAnna Stangl Vienna, Austriaemail: anna.stangl@aon.atrepresented by: Galerie Kovacek &amp; ZetterStallburggasse 21010 Vienna, Austria+43 1 512 86 36office@kovacek-zetter.atwww.kovacek-zetter.at &nbsp; Galerie 422An der Traunbr\u00fccke 9-114810 Gmunden, Austria+43 7612\u00a062 668 0office@galerie422.atwww.galerie422.at &nbsp; galerie g\u00f6llesAugasse 48280 F\u00fcrstenfeld, Austria+43 664 264 5975www.g\u00f6lles.at &nbsp; Gallery GerersdorferW\u00e4hringerstr. 12,1090 Vienna, Austria+43 1 310 84 84www.gerersdorfer.atImprint Data protection Accessibility<\/p>\n","protected":false},"author":3,"featured_media":0,"parent":0,"menu_order":0,"comment_status":"closed","ping_status":"closed","template":"","meta":{"_et_pb_use_builder":"on","_et_pb_old_content":"","_et_gb_content_width":"","footnotes":""},"class_list":["post-2345","page","type-page","status-publish","hentry"],"_links":{"self":[{"href":"https:\/\/anna-stangl.at\/en\/wp-json\/wp\/v2\/pages\/2345","targetHints":{"allow":["GET"]}}],"collection":[{"href":"https:\/\/anna-stangl.at\/en\/wp-json\/wp\/v2\/pages"}],"about":[{"href":"https:\/\/anna-stangl.at\/en\/wp-json\/wp\/v2\/types\/page"}],"author":[{"embeddable":true,"href":"https:\/\/anna-stangl.at\/en\/wp-json\/wp\/v2\/users\/3"}],"replies":[{"embeddable":true,"href":"https:\/\/anna-stangl.at\/en\/wp-json\/wp\/v2\/comments?post=2345"}],"version-history":[{"count":10,"href":"https:\/\/anna-stangl.at\/en\/wp-json\/wp\/v2\/pages\/2345\/revisions"}],"predecessor-version":[{"id":2444,"href":"https:\/\/anna-stangl.at\/en\/wp-json\/wp\/v2\/pages\/2345\/revisions\/2444"}],"wp:attachment":[{"href":"https:\/\/anna-stangl.at\/en\/wp-json\/wp\/v2\/media?parent=2345"}],"curies":[{"name":"wp","href":"https:\/\/api.w.org\/{rel}","templated":true}]}}

<p>[et_pb_section fb_built=&#8221;1&#8243; _builder_version=&#8221;4.27.4&#8243; _module_preset=&#8221;default&#8221; custom_margin=&#8221;0px||||false|false&#8221; custom_padding=&#8221;0px||||false|false&#8221; global_colors_info=&#8221;{}&#8221;][et_pb_row _builder_version=&#8221;4.27.4&#8243; _module_preset=&#8221;default&#8221; width=&#8221;92%&#8221; locked=&#8221;off&#8221; global_colors_info=&#8221;{}&#8221;][et_pb_column type=&#8221;4_4&#8243; _builder_version=&#8221;4.27.4&#8243; _module_preset=&#8221;default&#8221; global_colors_info=&#8221;{}&#8221;][et_pb_text admin_label=&#8221;H1&#8243; _builder_version=&#8221;4.27.4&#8243; _module_preset=&#8221;default&#8221; header_font=&#8221;|300|||||||&#8221; header_font_size=&#8221;60px&#8221; custom_css_free_form=&#8221;selector h1 { font-weight: 100 !important;}&#8221; global_colors_info=&#8221;{}&#8221;]</p>
<h1>Contact</h1>
<p>[/et_pb_text][/et_pb_column][/et_pb_row][et_pb_row column_structure=&#8221;1_2,1_2&#8243; _builder_version=&#8221;4.27.4&#8243; _module_preset=&#8221;default&#8221; width=&#8221;92%&#8221; custom_padding=&#8221;||34px||false|false&#8221; global_colors_info=&#8221;{}&#8221;][et_pb_column type=&#8221;1_2&#8243; _builder_version=&#8221;4.27.4&#8243; _module_preset=&#8221;default&#8221; global_colors_info=&#8221;{}&#8221;][et_pb_text admin_label=&#8221;Inhalt&#8221; _builder_version=&#8221;4.27.4&#8243; _module_preset=&#8221;default&#8221; global_colors_info=&#8221;{}&#8221;]</p>
<h3>Anna Stangl</h3>
<p>Vienna, Austria<br />email: <a href="mailto:anna.stangl@aon.at">anna.stangl@aon.at</a></p>
<p>[/et_pb_text][et_pb_social_media_follow icon_color=&#8221;#FFFFFF&#8221; use_icon_font_size=&#8221;on&#8221; _builder_version=&#8221;4.27.4&#8243; _module_preset=&#8221;default&#8221; background_color=&#8221;RGBA(255,255,255,0)&#8221; text_orientation=&#8221;left&#8221; custom_margin=&#8221;-16px||48px||false|false&#8221; custom_padding=&#8221;||||false|false&#8221; text_orientation_tablet=&#8221;left&#8221; text_orientation_phone=&#8221;left&#8221; text_orientation_last_edited=&#8221;on|phone&#8221; locked=&#8221;off&#8221; global_colors_info=&#8221;{}&#8221;][et_pb_social_media_follow_network social_network=&#8221;instagram&#8221; url=&#8221;https://www.instagram.com/annastangl3611/&#8221; icon_color=&#8221;#FFFFFF&#8221; _builder_version=&#8221;4.27.4&#8243; _module_preset=&#8221;default&#8221; background_color=&#8221;#bcbcbc&#8221; background_enable_color=&#8221;on&#8221; custom_button=&#8221;on&#8221; button_text_color=&#8221;#FFFFFF&#8221; button_bg_color=&#8221;#dddddd&#8221; global_colors_info=&#8221;{}&#8221; background__hover_enabled=&#8221;on|hover&#8221; background_color__hover=&#8221;#777777&#8243; background_enable_color__hover=&#8221;on&#8221; follow_button=&#8221;off&#8221; url_new_window=&#8221;on&#8221;]instagram[/et_pb_social_media_follow_network][/et_pb_social_media_follow][et_pb_text admin_label=&#8221;Inhalt&#8221; _builder_version=&#8221;4.27.4&#8243; _module_preset=&#8221;default&#8221; hover_enabled=&#8221;0&#8243; global_colors_info=&#8221;{}&#8221; sticky_enabled=&#8221;0&#8243;]</p>
<p><strong>represented by:</strong></p>
<p>Galerie Kovacek &amp; Zetter<br />Stallburggasse 2<br />1010 Vienna, Austria<br /><a href="tel:+4315128636">+43 1 512 86 36</a><br /><a href="mailto:office@kovacek-zetter.at">office@kovacek-zetter.at</a><br /><a href="https://www.kovacek-zetter.at/" target="_blank" rel="noopener">www.kovacek-zetter.at</a></p>
<p>&nbsp;</p>
<p>Galerie 422<br />An der Traunbrücke 9-11<br />4810 Gmunden, Austria<br /><a href="tel:+437612626680">+43 7612 62 668 0</a><br /><a href="mailto:office@kovacek-zetter.at">office@galerie422.at</a><br /><a href="https://www.galerie422.at" target="_blank" rel="noopener">www.galerie422.at</a></p>
<p>&nbsp;</p>
<p>galerie gölles<br />Augasse 4<br />8280 Fürstenfeld, Austria<br /><a href="tel:+436642645975">+43 664 264 5975</a><br /><a href="https://www.g%C3%B6lles.at" target="_blank" rel="noopener">www.gölles.at</a></p>
<p>&nbsp;</p>
<p>Gallery Gerersdorfer<br />Währingerstr. 12,<br />1090 Vienna, Austria<br /><a href="tel:+4313108484">+43 1 310 84 84</a><br /><a href="https://www.gerersdorfer.at" target="_blank" rel="noopener">www.gerersdorfer.at</a></p>
<p>[/et_pb_text][/et_pb_column][et_pb_column type=&#8221;1_2&#8243; _builder_version=&#8221;4.27.4&#8243; _module_preset=&#8221;default&#8221; global_colors_info=&#8221;{}&#8221;][et_pb_text disabled_on=&#8221;on|on|on&#8221; admin_label=&#8221;Inhalt&#8221; _builder_version=&#8221;4.27.4&#8243; _module_preset=&#8221;default&#8221; disabled=&#8221;on&#8221; global_colors_info=&#8221;{}&#8221;][/et_pb_text][/et_pb_column][/et_pb_row][et_pb_row column_structure=&#8221;1_2,1_2&#8243; _builder_version=&#8221;4.27.4&#8243; _module_preset=&#8221;default&#8221; width=&#8221;92%&#8221; global_colors_info=&#8221;{}&#8221;][et_pb_column type=&#8221;1_2&#8243; _builder_version=&#8221;4.27.4&#8243; _module_preset=&#8221;default&#8221; global_colors_info=&#8221;{}&#8221;][et_pb_divider color=&#8221;#cccccc&#8221; _builder_version=&#8221;4.27.4&#8243; _module_preset=&#8221;default&#8221; width=&#8221;50%&#8221; module_alignment=&#8221;left&#8221; global_colors_info=&#8221;{}&#8221;][/et_pb_divider][et_pb_text admin_label=&#8221;Inhalt&#8221; _builder_version=&#8221;4.27.4&#8243; _module_preset=&#8221;default&#8221; global_colors_info=&#8221;{}&#8221;]</p>
<p><a href="https://anna-stangl.at/en/contact-us/imprint/">Imprint</a></p>
<p><a href="https://anna-stangl.at/en/contact-us/data-protection/">Data protection</a></p>
<p><a href="https://anna-stangl.at/en/accessibility/">Accessibility</a></p>
<p>[/et_pb_text][/et_pb_column][et_pb_column type=&#8221;1_2&#8243; _builder_version=&#8221;4.27.4&#8243; _module_preset=&#8221;default&#8221; global_colors_info=&#8221;{}&#8221;][et_pb_text disabled_on=&#8221;on|on|on&#8221; admin_label=&#8221;Inhalt&#8221; _builder_version=&#8221;4.27.4&#8243; _module_preset=&#8221;default&#8221; disabled=&#8221;on&#8221; global_colors_info=&#8221;{}&#8221;][/et_pb_text][/et_pb_column][/et_pb_row][/et_pb_section]</p>

<p>ContactAnna Stangl Vienna, Austriaemail: anna.stangl@aon.atrepresented by: Galerie Kovacek &amp; ZetterStallburggasse 21010 Vienna, Austria+43 1 512 86 36office@kovacek-zetter.atwww.kovacek-zetter.at &nbsp; Galerie 422An der Traunbrücke 9-114810 Gmunden, Austria+43 7612 62 668 0office@galerie422.atwww.galerie422.at &nbsp; galerie göllesAugasse 48280 Fürstenfeld, Austria+43 664 264 5975www.gölles.at &nbsp; Gallery GerersdorferWähringerstr. 12,1090 Vienna, Austria+43 1 310 84 84www.gerersdorfer.atImprint Data protection Accessibility</p>
